1293676 a multiple of 9?
True
Is 1842266151 a multiple of 2871?
True
Is 22 a factor of 206664598?
False
Is 80 a factor of 2865594160?
True
Is 22735315 a multiple of 2?
False
Is 3374210754 a multiple of 13?
False
Is 9 a factor of 1381397748?
False
Is 15281561 a multiple of 555?
False
Is 17 a factor of 9730938?
False
Is 45 a factor of 1954202?
False
Is 51323396 a multiple of 8?
False
Is 25 a factor of 10037300?
True
Is 35079796 a multiple of 1423?
True
Is 640116607 a multiple of 42?
False
Is 697333000 a multiple of 4424?
True
Is 35979636 a multiple of 11?
True
Is 3 a factor of 336991336?
False
Is 93 a factor of 693914049?
False
Does 410 divide 5367720?
True
Does 2254 divide 1219578542?
True
Is 61224846 a multiple of 271?
False
Does 1684 divide 20081700?
True
Does 24 divide 41493792?
True
Is 215179614 a multiple of 27?
False
Does 1690 divide 8782395?
False
Is 7751155 a multiple of 24?
False
Does 25 divide 619349553?
False
Is 55 a factor of 546533247?
False
Is 264314351 a multiple of 119?
True
Is 15 a factor of 25649459?
False
Is 2481041721 a multiple of 108?
False
Is 6949044 a multiple of 108?
True
Is 4815785 even?
False
Does 2233 divide 2279144945?
True
Is 394713935 a multiple of 11?
True
Is 768671964 a multiple of 4?
True
Does 14 divide 27793542?
True
Is 123 a factor of 271011312?
True
Is 8650396 a multiple of 108?
False
Is 3371490 a multiple of 9?
True
Is 235882828 a multiple of 67?
False
Is 2477680398 a multiple of 4886?
False
Is 11 a factor of 13617494?
True
Does 31 divide 1471198?
True
Does 701 divide 28171788?
True
Is 429743622 a multiple of 2739?
True
Does 27 divide 851972229?
True
Does 24 divide 40114560?
True
Does 588 divide 464881032?
True
Is 12965615 a multiple of 65?
True
Is 288018524 a multiple of 222?
False
Does 205 divide 1312377815?
True
Is 1400457268 a multiple of 32?
False
Does 2298 divide 36623548?
False
Is 716 a factor of 22494984?
False
Is 10 a factor of 6730010?
True
Is 6201575 a multiple of 213?
False
Does 3143 divide 593841563?
True
Does 3108 divide 440830329?
False
Is 22 a factor of 893332462?
True
Does 39 divide 123786577?
False
Does 3716 divide 108521504?
False
Does 1407 divide 67292589?
True
Is 289 a factor of 8095468?
True
Does 72 divide 148243008?
False
Is 743 a factor of 1589013183?
False
Is 3960173190 a multiple of 615?
True
Is 249263505 a multiple of 8?
False
Is 404 a factor of 2007851059?
False
Does 1578 divide 231623508?
False
Is 7240301 a multiple of 116?
False
Is 237318928 a multiple of 8?
True
Is 836129 a multiple of 15?
False
Is 538 a factor of 18599198?
True
Is 67050388 a multiple of 47?
True
Is 939741400 a multiple of 52?
True
Is 3 a factor of 1588839?
True
Does 4 divide 216472?
True
Is 192634885 a multiple of 231?
False
Is 124810182 a multiple of 263?
False
Is 35270515 a multiple of 1818?
False
Does 25 divide 30573900?
True
Is 2861 a factor of 31848332?
False
Is 12640232 a multiple of 239?
True
Is 5789054 a multiple of 397?
True
Is 64 a factor of 13200384?
True
Is 778 a factor of 838223424?
True
Is 3131 a factor of 140937981?
False
Is 283 a factor of 17825887?
True
Does 24 divide 2459155?
False
Does 252 divide 579089700?
True
Is 936198376 a multiple of 207?
False
Is 19 a factor of 118368391?
False
Is 2387123486 a multiple of 22?
True
Does 13 divide 35037158?
True
Does 17 divide 27854126?
True
Is 60191604 a multiple of 3201?
True
Is 143512878 a multiple of 1531?
True
Is 4 a factor of 147795460?
True
Is 753 a factor of 86876456?
False
Is 611 a factor of 34335968?
False
Is 20 a factor of 40413111?
False
Is 665 a factor of 319341819?
False
Does 174 divide 614108292?
True
Does 345 divide 680135415?
True
Is 310002062 a multiple of 38?
True
Is 442 a factor of 2334138827?
False
Is 54569012 a multiple of 11?
False
Is 274 a factor of 5087358?
True
Does 1552 divide 18155800?
False
Is 2 a factor of 131802600?
True
Is 23250870 a multiple of 18?
True
Is 4106 a factor of 556654526?
True
Does 25 divide 25887825?
True
Is 39 a factor of 67636863?
False
Does 5 divide 93049004?
False
Is 203533539 a multiple of 1947?
True
Is 1474357 a multiple of 2?
False
Is 578 a factor of 625827224?
False
Is 40987410 a multiple of 2?
True
Is 51 a factor of 1509671548?
False
Does 618 divide 1455550062?
True
Does 275 divide 2027439975?
True
Does 17 divide 4633981856?
True
Does 2646 divide 1761915834?
True
Does 407 divide 188428383?
True
Is 32751728 a multiple of 20?
False
Is 133199296 a multiple of 84?
False
Is 30098404 a multiple of 3?
False
Does 1644 divide 80713651?
False
Does 16 divide 173844160?
True
Is 58228952 a multiple of 224?
False
Does 39 divide 2988672?
False
Is 498 a factor of 645970258?
False
Does 30 divide 32552072?
False
Does 57 divide 53224491?
True
Is 37 a factor of 25537923?
False
Does 106 divide 20601312?
True
Is 9194922 a multiple of 183?
False
Is 4 a factor of 391081904?
True
Is 503 a factor of 1076051593?
False
Does 1097 divide 14112782?
False
Does 1678 divide 135230020?
True
Is 675906619 a multiple of 547?
False
Is 54585264 a multiple of 6?
True
Is 3 a factor of 180996692?
False
Does 109 divide 46750972?
True
Is 446010300 a multiple of 738?
True
Does 3 divide 190403438?
False
Does 3 divide 64524539?
False
Is 936 a factor of 897810264?
True
Is 340 a factor of 43560120?
True
Is 12 a factor of 781416?
True
Does 119 divide 395951898?
False
Is 29593710 a multiple of 15?
True
Does 723 divide 44599957?
False
Is 595 a factor of 1102886510?
False
Does 7 divide 98839693?
False
Does 7 divide 59350529?
True
Is 103503892 a multiple of 37?
False
Is 489390418 a multiple of 22?
True
Does 6 divide 78277040?
False
Is 26 a factor of 168375630?
False
Is 47887374 a multiple of 3?
True
Is 571551210 a multiple of 9?
True
Is 28306800 a multiple of 225?
True
Is 44319798 a multiple of 22?
False
Is 72 a factor of 700159824?
True
Is 116 a factor of 16333494?
False
Is 686 a factor of 701634626?
True
Is 888206607 a multiple of 37?
False
Is 8 a factor of 160688096?
True
Is 52416382 a multiple of 294?
False
Is 26442416 a multiple of 4?
True
Is 18243974 a multiple of 6?
False
Does 843 divide 11496834?
True
Does 29 divide 105654968?
False
Is 7 a factor of 673007026?
False
Is 3 a factor of 81153789?
True
Does 91 divide 25729505?
False
Does 2 divide 114640205?
False
Does 297 divide 6312814992?
False
Is 492 a factor of 1016579696?
False
Does 4 divide 65344003?
False
Is 11902905 a multiple of 125?
False
Is 1337 a factor of 373818922?
False
Is 34 a factor of 13154158?
True
Does 326 divide 75549196?
True
Does 238 divide 15540686?
True
Does 4 divide 578659?
False
Does 820 divide 54938895?
False
Is 101611574 a multiple of 15?
False
Does 74 divide 149292381?
False
Is 16 a factor of 211627743?
False
Is 282361806 a multiple of 677?
True
Is 31 a factor of 455316306?
False
Is 2425 a factor of 1609778998?
False
Is 1331 a factor of 138268273?
True
Is 4 a factor of 673847?
False
Is 169734432 a multiple of 16?
True
Is 20 a factor of 56437040?
True
Does 4442 divide 944506902?
True
Is 129059601 a multiple of 759?
True
Is 1801002 a multiple of 313?
True
Does 677 divide 1312531389?
False
Does 41 divide 8674843?
False
Is 1652 a factor of 1131938836?
True
Does 560 divide 5688052?
False
Is 31 a factor of 163326073?
True
Is 23996000 a multiple of 932?
False
Is 73 a factor of 775696686?
True
Does 22 divide 56503492?
False
Does 144 divide 1647459707?
False
Is 444765832 a multiple of 1292?
True
Is 1289 a factor of 11386170?
False
Is 4 a factor of 15713315?
False
Is 636633959 a multiple of 603?
False
Does 306 divide 22143996?
True
Is 145156372 a multiple of 212?
False
Is 5239 a factor of 194890800?
True
Does 53 divide 84066118?
False
Is 38 a factor of 15332240?
True
Is 471109193 a multiple of 5048?
False
Is 52 a factor of 168112152?
True
Is 36727308 a multiple of 668?
True
Is 329532000 a multiple of 1680?
True
Is 67734975 a multiple of 111?
True
Is 55452203 a multiple of 19?
True
Is 61 a factor of 30287110?
True
Is 2527 a factor of 31534433?
True
Does 12 divide 3491292?
True
Does 5 divide 8592250?
True
Is 261 a factor of 31975110?
True
Is 1305412506 a multiple of 2580?
False
Is 172547660 a multiple of 3547?
False
Is 5483 a factor of 881443940?
False
Is 1161024140 a multiple of 58?
False
Does 29 divide 7587437388?
True
Does 429 divide 12358164?
False
Is 57 a factor of 5339781